t of 144254488?
2
What is the hundreds digit of 22804536?
5
What is the hundreds digit of 182027348?
3
What is the thousands digit of 2086205448?
5
What is the tens digit of 35161286?
8
What is the units digit of 1129044222?
2
What is the tens digit of 474941685?
8
What is the units digit of 595939578?
8
What is the thousands digit of 2017540810?
0
What is the ten thousands digit of 109005984?
0
What is the tens digit of 41523006?
0
What is the ten thousands digit of 20064976?
6
What is the ten thousands digit of 350866593?
6
What is the ten millions digit of 232651207?
3
What is the millions digit of 1125795579?
5
What is the hundreds digit of 54948651?
6
What is the hundred thousands digit of 57533297?
5
What is the ten millions digit of 441293915?
4
What is the units digit of 191824314?
4
What is the ten thousands digit of 350986161?
8
What is the millions digit of 164377247?
4
What is the hundreds digit of 12948066?
0
What is the ten thousands digit of 60253472?
5
What is the ten thousands digit of 28766874?
6
What is the millions digit of 3149121994?
9
What is the ten millions digit of 52712674?
5
What is the tens digit of 53141999?
9
What is the ten millions digit of 74463799?
7
What is the tens digit of 242862224?
2
What is the hundreds digit of 127782752?
7
What is the hundreds digit of 24303874?
8
What is the millions digit of 188952341?
8
What is the hundred millions digit of 5304405974?
3
What is the tens digit of 65172718?
1
What is the tens digit of 48689131?
3
What is the thousands digit of 269360478?
0
What is the units digit of 238132311?
1
What is the thousands digit of 654132868?
2
What is the ten millions digit of 117901695?
1
What is the tens digit of 94849089?
8
What is the ten thousands digit of 138089388?
8
What is the ten thousands digit of 58048378?
4
What is the thousands digit of 154230244?
0
What is the billions digit of 1932327382?
1
What is the hundred millions digit of 674015206?
6
What is the hundred thousands digit of 84450830?
4
What is the millions digit of 1008897090?
8
What is the ten millions digit of 256357574?
5
What is the ten millions digit of 1362829136?
6
What is the thousands digit of 39202449?
2
What is the tens digit of 627528778?
7
What is the hundred millions digit of 527620923?
5
What is the ten millions digit of 46596068?
4
What is the thousands digit of 327147131?
7
What is the hundred thousands digit of 5749286978?
2
What is the units digit of 4334738951?
1
What is the hundred thousands digit of 3583601838?
6
What is the tens digit of 409461099?
9
What is the units digit of 917283846?
6
What is the thousands digit of 67763538?
3
What is the millions digit of 215993194?
5
What is the ten millions digit of 19803643?
1
What is the units digit of 327517017?
7
What is the ten millions digit of 86046318?
8
What is the hundred millions digit of 691723302?
6
What is the millions digit of 1291208437?
1
What is the millions digit of 304786425?
4
What is the tens digit of 1257058962?
6
What is the hundred millions digit of 3443787753?
4
What is the tens digit of 95380260?
6
What is the units digit of 347778158?
8
What is the millions digit of 69792194?
9
What is the hundreds digit of 1102921380?
3
What is the tens digit of 14375880?
8
What is the hundred thousands digit of 401641429?
6
What is the hundred millions digit of 851946247?
8
What is the units digit of 646674866?
6
What is the hundreds digit of 736293393?
3
What is the hundred thousands digit of 2259144352?
1
What is the ten millions digit of 4157368537?
5
What is the thousands digit of 64123500?
3
What is the thousands digit of 5659453934?
3
What is the tens digit of 47933064?
6
What is the tens digit of 492615583?
8
What is the hundreds digit of 232044322?
3
What is the tens digit of 83431282?
8
What is the ten millions digit of 28171531?
2
What is the hundred thousands digit of 201879305?
8
What is the hundred thousands digit of 89310125?
3
What is the hundreds digit of 823903139?
1
What is the hundreds digit of 60971?
9
What is the thousands digit of 26899634?
9
What is the thousands digit of 36334446?
4
What is the hundred millions digit of 1137699776?
1
What is the ten millions digit of 8586117010?
8
What is the millions digit of 6825423698?
5
What is the hundreds digit of 703777543?
5
What is the ten millions digit of 58742325?
5
What is the ten millions digit of 61979169?
6
What is the billions digit of 1122902093?
1
What is the tens digit of 17995330?
3
What is the hundreds digit of 297134572?
5
What is the thousands digit of 520165771?
5
What is the hundreds digit of 58272927?
9
What is the ten millions digit of 1778120824?
7
What is the tens digit of 4006046395?
9
What is the hundreds digit of 166499920?
9
What is the ten thousands digit of 88875765?
7
What is the tens digit of 43300933?
3
What is the ten thousands digit of 213703065?
0
What is the tens digit of 5474524161?
6
What is the hundred thousands digit of 13249656?
2
What is the hundred millions digit of 398656725?
3
What is the hundreds digit of 410506760?
7
What is the hundred thousands digit of 59064950?
0
What is the ten thousands digit of 209347952?
4
What is the millions digit of 4204725342?
4
What is the thousands digit of 422397255?
7
What is the millions digit of 724108983?
4
What is the units digit of 214944281?
1
What is the thousands digit of 19552297?
2
What is the millions digit of 296552900?
6
What is the ten thousands digit of 3855113434?
1
What is the millions digit of 1146087742?
6
What is the units digit of 74701162?
2
What is the hundred thousands digit of 132111738?
1
What is the units digit of 882316331?
1
What is the tens digit of 68994222?
2
What is the ten thousands digit of 9092793?
9
What is the units digit of 394652273?
3
What is the ten thousands digit of 48559800?
5
What is the hundreds digit of 1910229911?
9
What is the ten millions digit of 79341562?
7
What is the hundreds digit of 524725234?
2
What is the tens digit of 236219478?
7
What is the tens digit of 5673007409?
0
What is the ten millions digit of 398139580?
9
What is the hundreds digit of 889414808?
8
What is the tens digit of 17815653?
5
What is the thousands digit of 333922428?
2
What is the hundred thousands digit of 7054228277?
2
What is the hundred thousands digit of 321096711?
0
What is the ten millions digit of 1285934883?
8
What is the tens digit of 1895966557?
5
What is the millions digit of 40189489?
0
What is the millions digit of 8378484796?
8
What is the hundred thousands digit of 4695315795?
3
What is the ten millions digit of 1358699374?
5
What is the hundreds digit of 42152748?
7
What is the hundred millions digit of 396368555?
3
What is the ten millions digit of 884046937?
8
What is the ten millions digit of 133715250?
3
What is the tens digit of 642536825?
2
What is the ten thousands digit of 944331892?
3
What is the hundreds digit of 83132023?
0
What is the hundred thousands digit of 40935549?
9
What is the ten thousands digit of 22482677?
8
What is the ten thousands digit of 116768097?
6
What is the thousands digit of 533943685?
3
What is the units digit of 2584815?
5
What is the millions digit of 50188549?
0
What is the hundred thousands digit of 2718428964?
4
What is the hundreds digit of 13880559?
5
What is the tens digit of 2987488426?
2
What is the units digit of 560442211?
1
What is the millions digit of 18677176?
8
What is the ten thousands digit of 415568771?
6
What is the thousands digit of 1257671323?
1
What is the ten millions digit of 51382647?
5
What is the ten millions digit of 247800740?
4
What is the thousands digit of 1915577597?
7
What is the hundreds digit of 770649950?
9
What is the ten thousands digit of 89739401?
3
What is the thousands digit of 5348355967?
5
What is the units digit of 3446832084?
4
What is the thousands digit of 1680602?
0
What is the millions digit of 761292507?
1
What is the thousands digit of 4956332658?
2
What is the hundred thousands digit of 19584146?
5
What is the ten millions digit of 768692134?
6
What is the millions digit of 378218349?
8
What is the hundred millions digit of 6008587076?
0
What is the ten millions digit of 4138650555?
3
What is the thousands digit of 65122905?
2
What is the hundred millions di